*a**2 + 13*a - 16. Let n be h(0). What is the greatest common divisor of n and 26?
13
Let b(r) = r**2 - 4*r. Let s(m) = -m**2 - m. Let x(n) = b(n) - 3*s(n). Let k be x(3). Let y = -6245 - -6289. Calculate the highest common factor of k and y.
11
Let b = 689 - 481. Let h = 219 - b. What is the highest common factor of h and 55?
11
Let y(o) = 38*o + 101. Let u be y(0). What is the highest common factor of u and 3535?
101
Suppose -50*p = -10*p + 20 - 620. What is the greatest common divisor of p and 27?
3
Let g(p) = -p**2 - 7*p + 17. Let j be g(-9). Let b be -68 + 61 - 148*j. What is the highest common factor of 47 and b?
47
Let p be (10/3)/(7 + 712/(-102)). Let a = 188 - p. What is the highest common factor of a and 18?
18
Let d(j) = 611*j**3 + 8*j**2 + 7*j - 56. Let t be d(4). Calculate the greatest common factor of 198 and t.
198
Let b(c) = -17*c + 4*c**3 + 49*c - 3*c**3 - 10*c - 10 + 15*c**2. Let t be b(-13). Calculate the greatest common divisor of 28 and t.
14
Suppose 0 = 3*w + 12, 0 = -5*d - 6*w + 3*w + 1513. Calculate the greatest common factor of 366 and d.
61
Suppose 0 = -93*r + 97*r - 40. Calculate the greatest common factor of r and 710.
10
Suppose 3*s - 39 + 132 = r, -3*r - 2*s = -180. Calculate the highest common factor of r and 74.
2
Suppose -5*k + 32 = 2*x - 11, 16 = 4*x. Suppose -t + k = -4. Suppose -2*y = 3*b - t, -b = 2*b + 9. What is the greatest common divisor of 90 and y?
10
Let x(c) = 65*c - 2911. Let l be x(45). Calculate the highest common divisor of 1827 and l.
7
Let l = -115 + 133. Let x be ((-30)/(-4) - -3)*(-1584)/(-21). Suppose 2*a + x = 13*a. Calculate the highest common factor of a and l.
18
Suppose -131 = -46*g + 151 + 1328. What is the greatest common factor of g and 4865?
35
Suppose 0 = 3*b + 2*r - r - 280, 2*b = -2*r + 192. Suppose -4*z = -b - 196. Calculate the greatest common factor of z and 60.
12
Suppose -5*n + 382*y - 379*y = -1002, -n = -4*y - 214. Let w be (11/2)/((-3)/(-24)). Calculate the greatest common factor of n and w.
22
Let r = -170 - -207. Suppose -2*q = -y - 2 + r, 5*y + 5*q = 100. Calculate the highest common factor of 95 and y.
5
Let o(q) = q**3 + 5*q**2 + q + 7. Let x be o(-4). Suppose -x = 3*p + w - 73, -3*w = p - 26. What is the highest common factor of 51 and p?
17
Let w(g) = -33*g + 27. Let n be w(-6). Suppose 0 = -z - 3*u + 32 + 16, u - n = -4*z. What is the greatest common factor of z and 209?
19
Suppose 4*i = -i + 150. Suppose 14*z = 178 - 136. Suppose 0 = -z*y + 4*l + 44, l = 11*y - 13*y + 44. What is the greatest common factor of i and y?
10
Let h = -20 - 0. Let y = -11 - h. Suppose -y = -p - 3*s, 5*s - 41 = -5*p + 34. Calculate the greatest common factor of 18 and p.
18
Let r = -13 - -23. Suppose 12 = l - r. Suppose -5*t = -n - 319 - 454, -3*t + 471 = -3*n. Calculate the greatest common factor of l and t.
22
Let c be 4/(-3)*(4 - (7 + 0)). Let v be c/(-3)*(-204)/8. Suppose 97 = 5*b - 2*f, 0*b + 2*f + v = 2*b. Calculate the greatest common divisor of b and 84.
21
Suppose -3*s + 4 = -16*t + 17*t, -7 = -4*s - t. Suppose -s*b + 744 = b. Calculate the greatest common factor of 6 and b.
6
Let s = 27775 + -27755. What is the highest common divisor of s and 10690?
10
Suppose 4*i + 881 = 3*g, -268 = -g - i + 42. What is the highest common factor of g and 24?
3
Suppose -31283 = -39*i + 11*i - 13*i. What is the greatest common divisor of 28 and i?
7
Suppose -256*k + 1682 = -227*k. Calculate the greatest common divisor of k and 2146.
58
Let p = -20 + -349. Let o = p + 753. Calculate the greatest common factor of 24 and o.
24
Let i(t) = 2*t**3 + 59*t**2 - 39*t - 237. Let f be i(-30). What is the greatest common divisor of f and 3?
3
Suppose 4*j + 9 = -c - 0*c, -c + 11 = -j. Let r be 0*25/(-30)*2/5. Suppose -7 + r = -c*i. What is the highest common factor of 7 and i?
1
Suppose -10*d - 6280 = -5*a - 5*d, 3*d - 5059 = -4*a. Calculate the greatest common divisor of 52 and a.
13
Let q(m) = 5*m**3 - 5*m**2 + 35*m - 52. Let y be q(12). What is the greatest common factor of 96 and y?
32
Suppose 0 = -3*j - q + 88 - 1065, -4*q + 952 = -3*j. Let m = -189 - j. Calculate the highest common factor of m and 45.
45
Let z(c) = 51*c + 2793. Let f be z(-53). What is the highest common divisor of f and 20?
10
Let v be 1/3 - (12/18)/2. Suppose t + 2*z - 47 = -15, v = 5*z. Calculate the highest common factor of t and 4.
4
Let z = 23 - 21. Suppose 2*l = 2*a + 66, -z = a - 1. Suppose -4*j = -29 + 13. Calculate the greatest common factor of l and j.
4
Let q = 54 - 37. Suppose 0 = 108*g - 102*g - 306. What is the highest common divisor of q and g?
17
Suppose -2*j - 3*w = 16, 2 = j + w + 9. Let v be 168/j*((-44)/12 + 7). Let r = 196 + v. What is the greatest common divisor of r and 24?
12
Suppose 17*i + 7248 = 33*i. Let q = -413 + i. Let t be 598/6 - 1/(-3). What is the greatest common divisor of q and t?
20
Suppose -3*n - n + 6951 - 1539 = 0. What is the highest common divisor of 11 and n?
11
Suppose 0 = 2*x + 3*x - 40. Suppose -x*s = -4*s - 132. Suppose s = 3*v - 21. What is the greatest common divisor of v and 6?
6
Let s = 265 + -260. Suppose 0 = s*l - 170 - 40. What is the highest common factor of l and 714?
42
Let n be (-9)/(-27) - (-14)/3. Suppose -h + 2*k + 6 = -14, -4*h + n*k + 86 = 0. What is the greatest common divisor of 216 and h?
24
Let y(c) = 28*c - 164. Let o be y(6). Suppose -s = v - 166, o*s - 211 - 438 = -v. Calculate the greatest common factor of s and 46.
23
Suppose -4 + 22 = -3*h. Let u be (-65)/(-7) - h/189*-9. Let m be u*-4*(-225)/30. Calculate the greatest common divisor of 30 and m.
30
Suppose 0 = -109422*q + 109482*q - 17220. Suppose 0 = 2*p - 7 - 21. What is the greatest common factor of p and q?
7
Let w(s) = s**3 - 22*s**2 - 162*s - 28. Let l be w(28). Suppose 0 = 3*o + 12*o - 630. What is the greatest common factor of o and l?
14
Let y(k) = -68*k**2 + 556*k - 18. Let c be y(8). What is the greatest common divisor of 354 and c?
6
Let r be (-1)/(-4) - 1498/(-56). Let p = 1593 - 1494. Calculate the highest common factor of p and r.
9
Suppose 0 = 2*p - 33 - 51. Let l be (-11 - 325/(-26))*308. Calculate the highest common divisor of p and l.
42
Let w = -270 - -270. Let x be (-2)/(2/(-9)) - (-5 - w). Calculate the highest common factor of 105 and x.
7
Let h be 16/152 + (-49385)/(-323). Calculate the highest common divisor of h and 7497.
153
Let m be ((-96)/(-28))/(1*(-3)/(-84)). Let c = 1943 - 1907. Calculate the greatest common factor of c and m.
12
Let v = -149 - -158. Suppose 0 = v*a + 6*a - 720. Calculate the highest common factor of 3 and a.
3
Let x(p) = -4887*p - 9598. Let k be x(-2). Suppose -3*s - 4*z = -s - 272, z + 658 = 5*s. What is the highest common divisor of k and s?
44
Let r(y) = 4*y - 4. Let n be r(3). Let k = 6 + -6. Suppose k = -4*m + 39 - 35. What is the greatest common divisor of m and n?
1
Let w be 135/90*(-2 - 320/(-12)). Let x be (3 - 1)*9/6. Suppose h - 114 - 1 = -x*k, 16 = 4*h. What is the highest common divisor of w and k?
37
Let g be (5 - 5 - -2)/(1/(-29)). Suppose 0 = -7*y - 332 - 172. Let w = g - y. Calculate the greatest common divisor of w and 70.
14
Suppose 0 = 4*y - 151 - 129. Let w(z) = z**2 + 11*z - 1. Let o be w(5). Let s = o + -69. Calculate the greatest common factor of y and s.
10
Suppose -3*c + 210 = 3*c. Let m be (-5 - -1 - -5)*c. What is the highest common divisor of 7 and m?
7
Let v be (-75)/(7 + -12) + -8. Let w be (48/(-18) + v)/((-3)/(-90)). What is the highest common divisor of w and 10?
10
Let p = 5082 + -4772. Calculate the greatest common factor of p and 248.
62
Let n(z) = 1100*z + 3308. Let t be n(-3). Let m = -1 - 0. Let u be (-6)/(1*-3) + m. Calculate the highest common factor of t and u.
1
Let z = -12858 - -14054. Calculate the highest common divisor of 2576 and z.
92
Let i be -1*(2/3)/((-2)/3). Suppose -8 = 15*t - 19*t. Suppose 7*r - t*r - 57 = -2*c, 0 = 5*c - 5. Calculate the greatest common divisor of i and r.
1
Suppose -507 = -20*k + 733. Let v = k - 36. Calculate the highest common factor of 169 and v.
13
Let i be (-1 - 17/3)*39330/(-575). Calculate the greatest common factor of i and 384.
24
Let d be 331/4 - (-7)/(-4). Let w be 3 - (0 + 12/8)*-16. Suppose 9*b - w = 6*b. Calculate the greatest common divisor of d and b.
9
Suppose 115*v